common factor of 8 and d?
8
Suppose -2*b - 34 = 4*d, -b = -0*b - 3*d - 8. Let r = b + 3. Let t(w) = -28*w + 5. Let k be t(r). What is the greatest common factor of k and 13?
13
Let n = 135 - 123. What is the greatest common divisor of n and 204?
12
Let v be 1/(-2 + 17/8). What is the highest common divisor of 1 and v?
1
Suppose 5*b = 4*x + 143, 3*b - 9 = -4*x + 96. Suppose 0*r + 180 = 4*r. Let k = r - b. What is the highest common divisor of k and 154?
14
Let p be (-8)/36 - 303/(-27). Calculate the greatest common divisor of 22 and p.
11
Let k be (2 - -7)/(3/2). Suppose 11*c - k*c - 85 = 0. What is the greatest common divisor of c and 17?
17
Suppose 106 = 4*l + 5*j, 0*l - 5*l = 3*j - 126. Suppose -2*w = -3*w - 16. Let p = w + l. Calculate the greatest common divisor of p and 32.
8
Suppose 0*p + 2*p = 3*n - 152, -2*p = 5*n - 280. Let g be 139 + (-9)/((-9)/(-4)). What is the greatest common factor of g and n?
27
Let q(g) = -g**2 - 6*g - 2. Let w be q(-5). Let x = 31 - w. Calculate the highest common factor of x and 7.
7
Let r = -118 + 223. Let c = 34 - 19. What is the highest common factor of c and r?
15
Let v(y) = -y**3 + 8*y**2 + 3*y + 10. Let n be v(8). Let r(x) = 85*x**2 + x - 1. Let d be r(1). Calculate the greatest common factor of d and n.
17
Suppose 0*k - 5*k = 3*l - 7, -5*l = 5*k - 25. Let a(z) = -z**2 - 11*z - 2. Let r be a(-5). Let v = 46 - r. Calculate the highest common divisor of v and l.
9
Let a be -3 + 52/4*1. Calculate the greatest common divisor of 15 and a.
5
Suppose 304 = 4*z + 4*j, z - 3*j - 6 = 86. Calculate the greatest common divisor of 10 and z.
10
Let c be (4/2)/(-2)*(-24 + 1). Calculate the greatest common factor of c and 23.
23
Let k be (-2)/(-7) - (-16)/42*15. Calculate the highest common divisor of k and 3.
3
Suppose -3*t + 50 = -1. What is the highest common divisor of t and 17?
17
Let u(s) = s + 1. Let h be u(5). Suppose -5*g = 3*v - 40, -58 = -2*v - 2*v - 2*g. What is the highest common divisor of v and h?
3
Let o(q) = q + 2. Let g be o(8). Let n = g + -4. What is the greatest common factor of n and 2?
2
Suppose 5 = 3*f - 19. What is the highest common factor of 40 and f?
8
Suppose 7*m + 432 = 10*m. Calculate the highest common divisor of m and 16.
16
Let f(m) = m**3 - 2*m**2 + 2*m + 81. Let q be f(0). Calculate the greatest common factor of 27 and q.
27
Let w(u) = u**3 + 7*u**2 + 3. Let a be w(-7). Suppose 5*y + 0*g + a*g - 68 = 0, -2*y + 5*g = -21. Calculate the greatest common divisor of 104 and y.
13
Let r be (-4)/6 - (-64)/6. Let v(o) = 11*o + 11. Let d be v(9). Calculate the highest common factor of r and d.
10
Let x = 4 + 4. Let t = 37 - 16. Let g be -3 + 5 + t - -1. What is the greatest common factor of g and x?
8
Let s be 18/(-3 + (-10)/(-3)). Calculate the greatest common factor of 9 and s.
9
Suppose 5*s - 352 = 3*s. Let d(p) = p - 6. Let z be d(6). Suppose -3*w - 3*r - r + 82 = z, -3*w + 50 = -4*r. Calculate the greatest common divisor of s and w.
22
Let r(x) = 4*x**2 + 8*x + 3. Let s be r(-2). What is the greatest common divisor of 60 and s?
3
Let a(j) = 23*j**2 - 5*j + 6. Let l be a(2). What is the greatest common factor of 11 and l?
11
Suppose 25 = x - 5*d, -x + d + 22 = -3*d. Let z = -4 - -7. Suppose -4*j = -157 - z. What is the greatest common divisor of j and x?
10
Let o = -154 - -266. What is the highest common divisor of o and 14?
14
Let y(p) = 35*p**3 - p**2 + 3*p - 2. Let w be y(1). What is the greatest common divisor of w and 5?
5
Let x(d) be the first derivative of -3*d**2/2 - d + 15. Suppose 4*z = -9 - 11. Let l be x(z). Calculate the greatest common divisor of l and 7.
7
Suppose 8*a - 5*a - 108 = 0. What is the highest common factor of 396 and a?
36
Suppose 5*t - 112 = 3*c + c, 2*c = 2*t - 44. What is the greatest common factor of t and 264?
24
Suppose -4*t - 4 = p - 6*t, 2*t = 2*p + 6. Let y(q) = 14*q**2 + q + 1. Let c be y(p). Let w be (88/c)/(2/35). Calculate the highest common factor of w and 70.
14
Let l = 16 + -2. Let a = -6 + 10. Suppose -2*d - 5*o + 0*o = -55, -a*o = -d + 47. What is the highest common divisor of d and l?
7
Let p = 36 + -12. What is the greatest common divisor of p and 12?
12
Let s = -33 - -82. Suppose -5*v + 3*w + 25 = 8*w, -v - 2*w = -3. Calculate the highest common divisor of s and v.
7
Let b(m) = m - 13*m - 3 - 10 - m**2. Let u(q) = 5*q + 10. Let k be u(-4). Let c be b(k). Calculate the highest common divisor of c and 35.
7
Let m = 30 + -10. What is the highest common factor of 30 and m?
10
Let w = 5 - -3. Suppose -w*z - 5*d + 65 = -3*z, -d - 17 = -2*z. Let p(a) = 2*a - 12. Let y be p(z). What is the highest common divisor of 32 and y?
8
Suppose -b + 5 = 1. Let d(m) = 3*m + 1. Let i be d(1). What is the greatest common factor of b and i?
4
Let b be 372/(-11) + (-2)/11. Let n be (-2 - -5)/((-6)/(-100)). Let z = n + b. What is the highest common factor of 40 and z?
8
Let k be 108/11 - (-8)/44. Calculate the highest common factor of k and 10.
10
Let t(l) = l**3 - 6*l**2 + 7*l - 5. Let w be t(5). Suppose 7 - 92 = -w*h. What is the highest common factor of h and 51?
17
Let q = -16 - -11. Let v be (-381)/q + (-1)/5. Suppose -3*j + v = 5*w - 5*j, -2*w + 16 = 4*j. Calculate the highest common factor of 112 and w.
14
Let t be (-9)/((0 + 2)/(-26)). Let h = 140 + -127. What is the greatest common divisor of h and t?
13
Let f be (-6)/(-4)*(-2)/(-1). Let r = -1 + f. Suppose 0 = -r*n - 2*o + 30, -5*o + 2*o = -12. Calculate the greatest common factor of 11 and n.
11
Let d = 32 - 29. What is the highest common divisor of 3 and d?
3
Let o(f) = -f**2 - 25*f - 22. Let y be o(-22). What is the highest common divisor of 4 and y?
4
Let x be 11 - (2 + 0 + -4). Calculate the highest common factor of x and 143.
13
Let p(z) = -z**3 + 19*z**2 - 32*z - 2. Let n be p(17). Calculate the greatest common factor of 24 and n.
8
Let p be (-63)/(-9)*(-36)/(-14). Calculate the greatest common divisor of p and 45.
9
Let h(x) = x**3 + 5*x**2 - 8*x - 8. Let v be h(-6). Let a be 9/5*5/1. Let c be 12/(4/(24/a)). Calculate the greatest common divisor of v and c.
4
Suppose 3*h - 6 - 9 = 0. Let u(r) = r**2 + 3*r + 10. Let v be u(-3). Suppose 3*x = d + 6, -h*x + v = -d - d. What is the greatest common factor of x and 16?
2
Let o be (-3)/5 - (-52)/20. Suppose -2*y + 40 = o*s, 3*y - s + 2*s = 62. What is the greatest common factor of 189 and y?
21
Suppose 9*x = 17*x - 200. Calculate the highest common divisor of x and 75.
25
Let y = 128 - 116. Calculate the highest common divisor of 32 and y.
4
Let y = -11 + 13. What is the highest common divisor of 2 and y?
2
Suppose -4*p = -0*p - 4. Let v = 7 - 2. Suppose 5*i = 30 + v. What is the highest common factor of p and i?
1
Let i = 47 - 14. Calculate the highest common divisor of 297 and i.
33
Let n be 16 - ((-3)/3 + 2). Suppose b = 6*b - n. Let d = -2 + b. Calculate the greatest common divisor of 1 and d.
1
Suppose 4*n - 60 = n. Suppose -5*o = -o - n. Suppose 0 = -5*c - 5*p + 10, -4*c + 14 = -0*c + 2*p. Calculate the greatest common divisor of o and c.
5
Let t = -23 - -14. Let g be t/6 + (-228)/(-8). Let q = 38 + -20. What is the highest common divisor of q and g?
9
Let t be (-244)/(-16) - 27/(-36). What is the greatest common factor of 176 and t?
16
Let x(k) = 3067*k**3 - k**2 - k + 1. Let p be x(1). Let f be p/35 - (-2)/5. Calculate the greatest common divisor of f and 8.
8
Let f(p) = -2*p - 2. Let t be f(-3). Suppose t*a = 39 + 57. Let h = a - -9. What is the highest common factor of 3 and h?
3
Let l be 4 + 60/8*8. Let m be 9 - 9/3 - -2. Calculate the highest common divisor of m and l.
8
Suppose -5*j = -2*o + 135, 3*j = -5*o + 33 + 382. What is the greatest common factor of o and 32?
16
Let w = -6 - -9. Suppose -g + 91 = h + w*h, 0 = 2*h + 2*g - 38. Calculate the highest common divisor of 12 and h.
12
Let a = 48 - 32. Calculate the greatest common factor of 160 and a.
16
Let z = 0 - -4. Suppose -5*t + p = -263, -23 = 2*t - z*p - 139. Calculate the greatest common factor of 13 and t.
13
Let b(a) = -a - 4. Let n be b(-6). Suppose -40 = -n*o - 2*o. Calculate the highest common factor of o and 4.
2
Let v be (-20)/(-2) - 4/(-4). Suppose -3*m + 2*o = -48, 0 = -m + 5*o + 5 + v. What is the greatest common divisor of m and 8?
8
Suppose -z = 5*m + 2*z + 24, -6 = 